{"id":3393,"date":"2017-12-01T10:35:02","date_gmt":"2017-12-01T10:35:02","guid":{"rendered":"http:\/\/radsport.blauweiss65-schwedt.de\/?page_id=3393"},"modified":"2017-12-01T10:40:00","modified_gmt":"2017-12-01T10:40:00","slug":"4-ostbrandenburg-radmarathon-05-06-08-17","status":"publish","type":"page","link":"https:\/\/radsport.blauweiss65-schwedt.de\/?page_id=3393","title":{"rendered":"4. OSTBRANDENBURG &#8211; RADMARATHON  (05.-06.08.2017)"},"content":{"rendered":"<p><span style=\"color: #0000ff;\">HALLO ALLE NICHTTEILNEHMER\u00a0 \ud83d\ude42<br \/>\n<\/span><\/p>\n<p><span style=\"color: #0000ff;\">Der <strong><span style=\"color: #000000;\">4. Ostbrandenburg-Radmarathon <\/span><\/strong>hat stattgefunden. Durchgef\u00fchrt <strong>zu Gunsten der Lebenshilfe e.V. Angerm\u00fcnde<\/strong> verlief der Radmarathon bei guten Bedingungen. <\/span><\/p>\n<p><span style=\"color: #0000ff;\"><span style=\"color: #ff0000;\"><strong>416<\/strong> <strong>Kilometer<\/strong><\/span> wurden 2017 in\u00a0 <\/span><span style=\"color: #0000ff;\"><strong><span style=\"color: #ff0000;\">18 <\/span><span style=\"color: #ff0000;\">S<\/span><\/strong><\/span><span style=\"color: #0000ff;\"><strong><span style=\"color: #ff0000;\">tunden<\/span><\/strong> absolviert und mehr als\u00a0 <span style=\"color: #ff0000;\"><strong>1.000 EUR Spenden<\/strong> gesammelt.<\/span><br \/>\n<\/span><\/p>\n<p><a href=\"https:\/\/radsport.blauweiss65-schwedt.de\/wp-content\/uploads\/2016\/08\/IMG-20170808-WA0007.jpg\"><img loading=\"lazy\" decoding=\"async\" class=\"alignnone size-medium wp-image-3202\" src=\"https:\/\/radsport.blauweiss65-schwedt.de\/wp-content\/uploads\/2016\/08\/IMG-20170808-WA0007-300x225.jpg\" alt=\"\" width=\"300\" height=\"225\" srcset=\"https:\/\/radsport.blauweiss65-schwedt.de\/wp-content\/uploads\/2016\/08\/IMG-20170808-WA0007-300x225.jpg 300w, https:\/\/radsport.blauweiss65-schwedt.de\/wp-content\/uploads\/2016\/08\/IMG-20170808-WA0007-768x576.jpg 768w, https:\/\/radsport.blauweiss65-schwedt.de\/wp-content\/uploads\/2016\/08\/IMG-20170808-WA0007-1024x768.jpg 1024w, https:\/\/radsport.blauweiss65-schwedt.de\/wp-content\/uploads\/2016\/08\/IMG-20170808-WA0007.jpg 1280w\" sizes=\"auto, (max-width: 300px) 100vw, 300px\" \/><\/a><a href=\"https:\/\/radsport.blauweiss65-schwedt.de\/wp-content\/uploads\/2016\/08\/IMG-20170808-WA0010.jpg\"><img loading=\"lazy\" decoding=\"async\" class=\"alignnone size-medium wp-image-3204\" src=\"https:\/\/radsport.blauweiss65-schwedt.de\/wp-content\/uploads\/2016\/08\/IMG-20170808-WA0010-300x225.jpg\" alt=\"\" width=\"300\" height=\"225\" srcset=\"https:\/\/radsport.blauweiss65-schwedt.de\/wp-content\/uploads\/2016\/08\/IMG-20170808-WA0010-300x225.jpg 300w, https:\/\/radsport.blauweiss65-schwedt.de\/wp-content\/uploads\/2016\/08\/IMG-20170808-WA0010-768x576.jpg 768w, https:\/\/radsport.blauweiss65-schwedt.de\/wp-content\/uploads\/2016\/08\/IMG-20170808-WA0010-1024x768.jpg 1024w, https:\/\/radsport.blauweiss65-schwedt.de\/wp-content\/uploads\/2016\/08\/IMG-20170808-WA0010.jpg 1280w\" sizes=\"auto, (max-width: 300px) 100vw, 300px\" \/><\/a><\/p>\n<p><span style=\"color: #0000ff;\">Gestartet wurde am <span style=\"color: #000000;\"><strong>05.08.2017<\/strong><\/span>\u00a0 gegen <span style=\"color: #ff6600;\">20:00 Uhr<\/span> in <span style=\"color: #008000;\"><strong>Greifenberg<\/strong><\/span>. Ankunft war am <span style=\"color: #000000;\"><strong>06.08.2017<\/strong><\/span>\u00a0 ca. <span style=\"color: #ff6600;\">14:00 Uhr <\/span>in <span style=\"color: #008000;\"><strong>Angerm\u00fcnde<\/strong><\/span>. <\/span><\/p>\n<p style=\"padding-left: 150px;\"><a href=\"https:\/\/radsport.blauweiss65-schwedt.de\/wp-content\/uploads\/2016\/08\/IMG-20170811-WA0004.jpg\"><img loading=\"lazy\" decoding=\"async\" class=\"alignnone size-medium wp-image-3203\" src=\"https:\/\/radsport.blauweiss65-schwedt.de\/wp-content\/uploads\/2016\/08\/IMG-20170811-WA0004-300x169.jpg\" alt=\"\" width=\"300\" height=\"169\" srcset=\"https:\/\/radsport.blauweiss65-schwedt.de\/wp-content\/uploads\/2016\/08\/IMG-20170811-WA0004-300x169.jpg 300w, https:\/\/radsport.blauweiss65-schwedt.de\/wp-content\/uploads\/2016\/08\/IMG-20170811-WA0004-768x432.jpg 768w, https:\/\/radsport.blauweiss65-schwedt.de\/wp-content\/uploads\/2016\/08\/IMG-20170811-WA0004-1024x576.jpg 1024w, https:\/\/radsport.blauweiss65-schwedt.de\/wp-content\/uploads\/2016\/08\/IMG-20170811-WA0004.jpg 1086w\" sizes=\"auto, (max-width: 300px) 100vw, 300px\" \/><\/a><\/p>\n<p><span style=\"color: #0000ff;\">Die <strong>Strecke<\/strong> f\u00fchrte \u00fcber <span style=\"color: #008000;\">Oderberg, Bad Freienwalde, Wrietzen, Neuhardenberg, Petershagen, M\u00fcllrose,\u00a0 Friedland, Lieberose, Burg, Vetschau, Luckau<\/span> nach <span style=\"color: #008000;\">L\u00fcbben<\/span> und von dort zur\u00fcck \u00fcber <span style=\"color: #008000;\">Storckow, Spreenhagen, Strausberg, Tiefensee, Hohenfinow, Oderberg<\/span> nach <span style=\"color: #008000;\">Angerm\u00fcnde.<\/span> Unfall-, Sturz- und Pannenfrei teilgenommen haben diesmal <span style=\"color: #ff0000;\"><strong>7<\/strong> Fahrer<\/span>.<br \/>\n<\/span><\/p>\n<p><span style=\"color: #000000;\"><strong>Wolfgang Baum\u00fcller, Axel Dittmar, Siegmar Wollin, Martin Schr\u00f6der, Raik Mickein, Christian Schr\u00f6der, Robert Zeterberg<\/strong><strong><br \/>\n<\/strong><\/span><\/p>\n<p style=\"padding-left: 60px;\"><span style=\"color: #0000ff;\"><a href=\"https:\/\/radsport.blauweiss65-schwedt.de\/wp-content\/uploads\/2016\/08\/IMG-20170811-WA0003.jpg\"><img loading=\"lazy\" decoding=\"async\" class=\"alignnone size-medium wp-image-3208\" src=\"https:\/\/radsport.blauweiss65-schwedt.de\/wp-content\/uploads\/2016\/08\/IMG-20170811-WA0003-300x225.jpg\" alt=\"\" width=\"300\" height=\"225\" srcset=\"https:\/\/radsport.blauweiss65-schwedt.de\/wp-content\/uploads\/2016\/08\/IMG-20170811-WA0003-300x225.jpg 300w, https:\/\/radsport.blauweiss65-schwedt.de\/wp-content\/uploads\/2016\/08\/IMG-20170811-WA0003-768x576.jpg 768w, https:\/\/radsport.blauweiss65-schwedt.de\/wp-content\/uploads\/2016\/08\/IMG-20170811-WA0003-1024x768.jpg 1024w, https:\/\/radsport.blauweiss65-schwedt.de\/wp-content\/uploads\/2016\/08\/IMG-20170811-WA0003.jpg 1280w\" sizes=\"auto, (max-width: 300px) 100vw, 300px\" \/><\/a><\/span><\/p>\n<p><span style=\"color: #0000ff;\">zus\u00e4tzlich begleiteteten und unterst\u00fctzten uns auf Teilstrecken der Tour die Vereinsmitglieder <span style=\"color: #000000;\"><strong>Werner Ehrlich, Gabriele St\u00e4udten <\/strong>und Freunde des Vereins <strong>Uwe Strassburg, Martina L\u00f6hrs und<\/strong> <\/span><strong><span style=\"color: #000000;\">Connor Schr\u00f6der, <\/span><\/strong>der <span style=\"color: #ff0000;\">7-j\u00e4hrige Sohn<\/span> von Christian Schr\u00f6der. Und auch die kleine <strong><span style=\"color: #000000;\">Schwester von Connor<\/span><\/strong> wollte diesmal schon ein St\u00fcck mitfahren.<br \/>\n<\/span><\/p>\n<p style=\"padding-left: 360px;\"><a href=\"https:\/\/radsport.blauweiss65-schwedt.de\/wp-content\/uploads\/2016\/08\/IMG-20170808-WA0013.jpg\"><img loading=\"lazy\" decoding=\"async\" class=\"alignnone size-thumbnail wp-image-3209\" src=\"https:\/\/radsport.blauweiss65-schwedt.de\/wp-content\/uploads\/2016\/08\/IMG-20170808-WA0013-150x150.jpg\" alt=\"\" width=\"150\" height=\"150\" \/><\/a><\/p>\n<p style=\"padding-left: 30px;\"><span style=\"color: #0000ff;\"><a href=\"https:\/\/radsport.blauweiss65-schwedt.de\/wp-content\/uploads\/2016\/08\/IMG-20170808-WA0004.jpg\"><img loading=\"lazy\" decoding=\"async\" class=\"alignnone size-medium wp-image-3207\" src=\"https:\/\/radsport.blauweiss65-schwedt.de\/wp-content\/uploads\/2016\/08\/IMG-20170808-WA0004-225x300.jpg\" alt=\"\" width=\"225\" height=\"300\" srcset=\"https:\/\/radsport.blauweiss65-schwedt.de\/wp-content\/uploads\/2016\/08\/IMG-20170808-WA0004-225x300.jpg 225w, https:\/\/radsport.blauweiss65-schwedt.de\/wp-content\/uploads\/2016\/08\/IMG-20170808-WA0004.jpg 768w\" sizes=\"auto, (max-width: 225px) 100vw, 225px\" \/><\/a><a href=\"https:\/\/radsport.blauweiss65-schwedt.de\/wp-content\/uploads\/2016\/08\/IMG-20170808-WA0005.jpg\">\u00a0 <img loading=\"lazy\" decoding=\"async\" class=\"alignnone size-medium wp-image-3205\" src=\"https:\/\/radsport.blauweiss65-schwedt.de\/wp-content\/uploads\/2016\/08\/IMG-20170808-WA0005-300x225.jpg\" alt=\"\" width=\"300\" height=\"225\" srcset=\"https:\/\/radsport.blauweiss65-schwedt.de\/wp-content\/uploads\/2016\/08\/IMG-20170808-WA0005-300x225.jpg 300w, https:\/\/radsport.blauweiss65-schwedt.de\/wp-content\/uploads\/2016\/08\/IMG-20170808-WA0005-768x576.jpg 768w, https:\/\/radsport.blauweiss65-schwedt.de\/wp-content\/uploads\/2016\/08\/IMG-20170808-WA0005-1024x768.jpg 1024w, https:\/\/radsport.blauweiss65-schwedt.de\/wp-content\/uploads\/2016\/08\/IMG-20170808-WA0005.jpg 1280w\" sizes=\"auto, (max-width: 300px) 100vw, 300px\" \/><\/a> <\/span><\/p>\n<p><span style=\"color: #0000ff;\">Die intensive Betreuung durch die Mitglieder vom TSV Blau Wei\u00df 65 (<strong><span style=\"color: #000000;\">Uwe Wetzig, Monika Baum\u00fcller<\/span><\/strong>) war wieder sehr wohltuend. Die Helfer begleiteten uns auch diesmal mit einem Fahrzeug und fuhren das Ersatzmaterial, Wechselkleidung und die Verpflegung geduldig hinterher.<\/span><\/p>\n<p style=\"padding-left: 120px;\"><span style=\"color: #0000ff;\"><a href=\"https:\/\/radsport.blauweiss65-schwedt.de\/wp-content\/uploads\/2015\/08\/Radmarathon3.jpg\"><img loading=\"lazy\" decoding=\"async\" class=\"alignnone size-medium wp-image-2006\" src=\"https:\/\/radsport.blauweiss65-schwedt.de\/wp-content\/uploads\/2015\/08\/Radmarathon3-300x200.jpg\" alt=\"Radmarathon3\" width=\"300\" height=\"200\" srcset=\"https:\/\/radsport.blauweiss65-schwedt.de\/wp-content\/uploads\/2015\/08\/Radmarathon3-300x200.jpg 300w, https:\/\/radsport.blauweiss65-schwedt.de\/wp-content\/uploads\/2015\/08\/Radmarathon3-1024x682.jpg 1024w\" sizes=\"auto, (max-width: 300px) 100vw, 300px\" \/><\/a><\/span><\/p>\n<p><span style=\"color: #0000ff;\"><span style=\"color: #ff0000;\">EIN GROSSES DANKESCH\u00d6N F\u00dcR DIESE NICHT EINFACHE AUFGABE!<\/span><\/span><\/p>\n<p style=\"padding-left: 480px;\">Autor: H. Felix<\/p>\n","protected":false},"excerpt":{"rendered":"<p>HALLO ALLE NICHTTEILNEHMER\u00a0 \ud83d\ude42 Der 4. Ostbrandenburg-Radmarathon hat stattgefunden. Durchgef\u00fchrt zu Gunsten der Lebenshilfe e.V. Angerm\u00fcnde verlief der Radmarathon bei guten Bedingungen. 416 Kilometer wurden 2017 in\u00a0 18 Stunden absolviert und mehr als\u00a0 1.000 EUR Spenden gesammelt. Gestartet wurde am &hellip; <a href=\"https:\/\/radsport.blauweiss65-schwedt.de\/?page_id=3393\">Weiterlesen <span class=\"meta-nav\">&rarr;<\/span><\/a><\/p>\n","protected":false},"author":3,"featured_media":0,"parent":2851,"menu_order":4,"comment_status":"closed","ping_status":"closed","template":"","meta":{"footnotes":""},"class_list":["post-3393","page","type-page","status-publish","hentry"],"_links":{"self":[{"href":"https:\/\/radsport.blauweiss65-schwedt.de\/index.php?rest_route=\/wp\/v2\/pages\/3393","targetHints":{"allow":["GET"]}}],"collection":[{"href":"https:\/\/radsport.blauweiss65-schwedt.de\/index.php?rest_route=\/wp\/v2\/pages"}],"about":[{"href":"https:\/\/radsport.blauweiss65-schwedt.de\/index.php?rest_route=\/wp\/v2\/types\/page"}],"author":[{"embeddable":true,"href":"https:\/\/radsport.blauweiss65-schwedt.de\/index.php?rest_route=\/wp\/v2\/users\/3"}],"replies":[{"embeddable":true,"href":"https:\/\/radsport.blauweiss65-schwedt.de\/index.php?rest_route=%2Fwp%2Fv2%2Fcomments&post=3393"}],"version-history":[{"count":0,"href":"https:\/\/radsport.blauweiss65-schwedt.de\/index.php?rest_route=\/wp\/v2\/pages\/3393\/revisions"}],"up":[{"embeddable":true,"href":"https:\/\/radsport.blauweiss65-schwedt.de\/index.php?rest_route=\/wp\/v2\/pages\/2851"}],"wp:attachment":[{"href":"https:\/\/radsport.blauweiss65-schwedt.de\/index.php?rest_route=%2Fwp%2Fv2%2Fmedia&parent=3393"}],"curies":[{"name":"wp","href":"https:\/\/api.w.org\/{rel}","templated":true}]}}