{"id":3903,"date":"2018-09-03T08:49:24","date_gmt":"2018-09-03T08:49:24","guid":{"rendered":"http:\/\/radsport.blauweiss65-schwedt.de\/?page_id=3903"},"modified":"2018-09-03T08:49:24","modified_gmt":"2018-09-03T08:49:24","slug":"uckermark-radrundfahrt-28-04-2018","status":"publish","type":"page","link":"https:\/\/radsport.blauweiss65-schwedt.de\/?page_id=3903","title":{"rendered":"UCKERMARK RADRUNDFAHRT 28.04.2018"},"content":{"rendered":"<p><span style=\"font-family: Arial, serif; color: #0000ff; font-size: medium;\">Am <span style=\"color: #ff6600;\">28.04.2018<\/span> fand die <strong>8. Uckermark Rundfahrt<\/strong> statt. <\/span><\/p>\n<p><span style=\"font-family: Arial, serif; color: #0000ff; font-size: medium;\">Zwar nicht so umfangreich gestaltet wie in den Anfangsjahren, war die Fahrt im Jahr<strong> 2018<\/strong> dennoch ein sch\u00f6nes Erlebnis f\u00fcr alle Teilnehmer. <span style=\"color: #ff6600;\">Start und<\/span> <span style=\"color: #ff6600;\">Ziel<\/span> der diesj\u00e4hrigen Fahrt wurde in diesem Jahr nach <strong><span style=\"color: #008000;\">Greiffenberg<\/span><\/strong> verlegt. Geplant waren hier eigentlich zwei Strecken \u00fcber <span style=\"color: #ff6600;\">130<\/span> und <span style=\"color: #ff6600;\">160 Kilometer<\/span>. (Da sich f\u00fcr die 160 km Strecke nur 3 Teilnehmer fanden, entschieden diese, sich den Fahrern der 130 km Tour anzuschlie\u00dfen) <\/span><\/p>\n<p><a href=\"https:\/\/radsport.blauweiss65-schwedt.de\/wp-content\/uploads\/2018\/05\/IMG_6943.jpg\"><img loading=\"lazy\" decoding=\"async\" class=\"alignnone size-medium wp-image-3637\" src=\"https:\/\/radsport.blauweiss65-schwedt.de\/wp-content\/uploads\/2018\/05\/IMG_6943-300x200.jpg\" alt=\"\" width=\"300\" height=\"200\" srcset=\"https:\/\/radsport.blauweiss65-schwedt.de\/wp-content\/uploads\/2018\/05\/IMG_6943-300x200.jpg 300w, https:\/\/radsport.blauweiss65-schwedt.de\/wp-content\/uploads\/2018\/05\/IMG_6943-768x512.jpg 768w, https:\/\/radsport.blauweiss65-schwedt.de\/wp-content\/uploads\/2018\/05\/IMG_6943-1024x683.jpg 1024w, https:\/\/radsport.blauweiss65-schwedt.de\/wp-content\/uploads\/2018\/05\/IMG_6943.jpg 1600w\" sizes=\"auto, (max-width: 300px) 100vw, 300px\" \/><\/a><a href=\"https:\/\/radsport.blauweiss65-schwedt.de\/wp-content\/uploads\/2018\/05\/IMG_6964.jpg\"><img loading=\"lazy\" decoding=\"async\" class=\"alignnone size-medium wp-image-3638\" src=\"https:\/\/radsport.blauweiss65-schwedt.de\/wp-content\/uploads\/2018\/05\/IMG_6964-300x200.jpg\" alt=\"\" width=\"300\" height=\"200\" srcset=\"https:\/\/radsport.blauweiss65-schwedt.de\/wp-content\/uploads\/2018\/05\/IMG_6964-300x200.jpg 300w, https:\/\/radsport.blauweiss65-schwedt.de\/wp-content\/uploads\/2018\/05\/IMG_6964-768x512.jpg 768w, https:\/\/radsport.blauweiss65-schwedt.de\/wp-content\/uploads\/2018\/05\/IMG_6964-1024x683.jpg 1024w, https:\/\/radsport.blauweiss65-schwedt.de\/wp-content\/uploads\/2018\/05\/IMG_6964.jpg 1600w\" sizes=\"auto, (max-width: 300px) 100vw, 300px\" \/><\/a><\/p>\n<p><span style=\"font-family: Arial, serif; color: #0000ff; font-size: medium;\">Insgesamt nahmen an der Fahrt <span style=\"color: #ff6600;\"><strong>3<\/strong> Fahr<\/span><\/span><span style=\"font-family: Arial, serif; color: #0000ff; font-size: medium;\"><span style=\"color: #ff6600;\">erinnen<\/span> und <span style=\"color: #ff6600;\"><strong>15<\/strong> Fahrer<\/span> die Fahrt auf. Als <strong>G\u00e4ste<\/strong> konnten die <span style=\"color: #008000;\">Prenzlauer<\/span><span style=\"color: #000000;\"><strong> Doris &amp; Helaman Krause<\/strong><\/span> begr\u00fc\u00dft werden. Gefahren wurde bei sch\u00f6nsten Fr\u00fchlingswetter, wenig Wind und Temperaturen bis zu 20\u00b0C durch die sch\u00f6ne Uckermark. Unter bl\u00fchende Alleen, leuchtendgelbe Rapsfelder und gr\u00fcne Wiesen f\u00fchrte uns die Fahrt durch die W\u00e4lder der <strong><span style=\"color: #008000;\">Schorfheide<\/span><\/strong> \u00fcber <strong><span style=\"color: #008000;\">Glambeck, Parlow, Gollin, Templin<\/span><\/strong> bis zum Wendepunkt nach <strong><span style=\"color: #008000;\">Lychen<\/span><\/strong>. Hier wurde eine kurze Rast eingelegt. Zum gleichen Zeitpunkt fand hier gerade der bekannte Lychener Seenlauf stattfand und so war es nicht verwunderlich, dass wir hier auf einige uns bekannte Sportfreunde trafen.<\/span><\/p>\n<p style=\"padding-left: 30px;\"><a href=\"https:\/\/radsport.blauweiss65-schwedt.de\/wp-content\/uploads\/2018\/05\/IMG_20180428_103727160.jpg\"><img loading=\"lazy\" decoding=\"async\" class=\"alignnone size-thumbnail wp-image-3641\" src=\"https:\/\/radsport.blauweiss65-schwedt.de\/wp-content\/uploads\/2018\/05\/IMG_20180428_103727160-150x150.jpg\" alt=\"\" width=\"150\" height=\"150\" \/><\/a><a href=\"https:\/\/radsport.blauweiss65-schwedt.de\/wp-content\/uploads\/2018\/05\/IMG_6959.jpg\"><img loading=\"lazy\" decoding=\"async\" class=\"alignnone size-medium wp-image-3639\" src=\"https:\/\/radsport.blauweiss65-schwedt.de\/wp-content\/uploads\/2018\/05\/IMG_6959-200x300.jpg\" alt=\"\" width=\"200\" height=\"300\" srcset=\"https:\/\/radsport.blauweiss65-schwedt.de\/wp-content\/uploads\/2018\/05\/IMG_6959-200x300.jpg 200w, https:\/\/radsport.blauweiss65-schwedt.de\/wp-content\/uploads\/2018\/05\/IMG_6959-768x1152.jpg 768w, https:\/\/radsport.blauweiss65-schwedt.de\/wp-content\/uploads\/2018\/05\/IMG_6959-683x1024.jpg 683w, https:\/\/radsport.blauweiss65-schwedt.de\/wp-content\/uploads\/2018\/05\/IMG_6959.jpg 1067w\" sizes=\"auto, (max-width: 200px) 100vw, 200px\" \/><\/a><a href=\"https:\/\/radsport.blauweiss65-schwedt.de\/wp-content\/uploads\/2018\/05\/IMG_20180428_145207396_HDR.jpg\"><img loading=\"lazy\" decoding=\"async\" class=\"alignnone size-thumbnail wp-image-3640\" src=\"https:\/\/radsport.blauweiss65-schwedt.de\/wp-content\/uploads\/2018\/05\/IMG_20180428_145207396_HDR-150x150.jpg\" alt=\"\" width=\"150\" height=\"150\" \/><\/a><\/p>\n<p><span style=\"font-family: Arial, serif; color: #0000ff; font-size: medium;\">Dann ging es wieder zur\u00fcck nach <strong><span style=\"color: #008000;\">Templin,<\/span><\/strong><span style=\"color: #008000;\"><span style=\"color: #0000ff;\"> d<\/span><\/span>urch den <strong><span style=\"color: #008000;\">Templiner Stadtforst <\/span><\/strong><span style=\"color: #0000ff;\">und<\/span> weiter entlang des <strong><span style=\"color: #008000;\">L\u00fcbbesees<\/span><\/strong> bis nach <strong><span style=\"color: #008000;\">Alimbsm\u00fchle,<\/span><\/strong> hier weiter \u00fcber<strong><span style=\"color: #008000;\"> Gollin, Parlow, Wolletz<\/span> <\/strong>und <strong><span style=\"color: #008000;\">Peetzig<\/span><\/strong>. Auf diesem Teilst\u00fcck gab es in <strong><span style=\"color: #008000;\">Glambeck<\/span><\/strong> dann die einzige Reifenpanne dieser Fahrt. Waren in der Anfangsphase die Gespr\u00e4che untereinander doch recht intensiv und lautstark, so lie\u00dfen diese jedoch zum Ende der Fahrt etwas nach. Kein Wunder, denn insgesamt <strong><span style=\"color: #ff6600;\">141 km<\/span><\/strong> wollten von jedem gemeistert sein. Wir trafen alle gegen 15.30 Uhr geschlossen in <strong><span style=\"color: #008000;\">Greiffenberg<\/span><\/strong> ein. Hier wurde ein gemeinsames Zielfoto geschossen und dann ging es an eine sch\u00f6n und reichlich gedeckte Tafel auf dem Grundst\u00fcck von <span style=\"color: #000000;\"><strong>Monika &amp; Wolfgang <\/strong>(Eddy)<strong> Baum\u00fcller<\/strong><\/span>. <\/span><\/p>\n<p><a href=\"https:\/\/radsport.blauweiss65-schwedt.de\/wp-content\/uploads\/2018\/05\/IMG_6963.jpg\"><img loading=\"lazy\" decoding=\"async\" class=\"alignnone wp-image-3642\" src=\"https:\/\/radsport.blauweiss65-schwedt.de\/wp-content\/uploads\/2018\/05\/IMG_6963-300x200.jpg\" alt=\"\" width=\"253\" height=\"169\" srcset=\"https:\/\/radsport.blauweiss65-schwedt.de\/wp-content\/uploads\/2018\/05\/IMG_6963-300x200.jpg 300w, https:\/\/radsport.blauweiss65-schwedt.de\/wp-content\/uploads\/2018\/05\/IMG_6963-768x512.jpg 768w, https:\/\/radsport.blauweiss65-schwedt.de\/wp-content\/uploads\/2018\/05\/IMG_6963-1024x683.jpg 1024w, https:\/\/radsport.blauweiss65-schwedt.de\/wp-content\/uploads\/2018\/05\/IMG_6963.jpg 1600w\" sizes=\"auto, (max-width: 253px) 100vw, 253px\" \/>\u00a0 <\/a><a href=\"https:\/\/radsport.blauweiss65-schwedt.de\/wp-content\/uploads\/2018\/05\/IMG_20180428_151737342_HDR.jpg\"><img loading=\"lazy\" decoding=\"async\" class=\"alignnone size-medium wp-image-3643\" src=\"https:\/\/radsport.blauweiss65-schwedt.de\/wp-content\/uploads\/2018\/05\/IMG_20180428_151737342_HDR-300x169.jpg\" alt=\"\" width=\"300\" height=\"169\" srcset=\"https:\/\/radsport.blauweiss65-schwedt.de\/wp-content\/uploads\/2018\/05\/IMG_20180428_151737342_HDR-300x169.jpg 300w, https:\/\/radsport.blauweiss65-schwedt.de\/wp-content\/uploads\/2018\/05\/IMG_20180428_151737342_HDR-768x432.jpg 768w, https:\/\/radsport.blauweiss65-schwedt.de\/wp-content\/uploads\/2018\/05\/IMG_20180428_151737342_HDR-1024x576.jpg 1024w\" sizes=\"auto, (max-width: 300px) 100vw, 300px\" \/><\/a><\/p>\n<p><a href=\"https:\/\/radsport.blauweiss65-schwedt.de\/wp-content\/uploads\/2018\/04\/15.05.18-1948.jpg\"><img loading=\"lazy\" decoding=\"async\" class=\"alignnone size-medium wp-image-3686\" src=\"https:\/\/radsport.blauweiss65-schwedt.de\/wp-content\/uploads\/2018\/04\/15.05.18-1948-300x200.jpg\" alt=\"\" width=\"300\" height=\"200\" srcset=\"https:\/\/radsport.blauweiss65-schwedt.de\/wp-content\/uploads\/2018\/04\/15.05.18-1948-300x200.jpg 300w, https:\/\/radsport.blauweiss65-schwedt.de\/wp-content\/uploads\/2018\/04\/15.05.18-1948-768x512.jpg 768w, https:\/\/radsport.blauweiss65-schwedt.de\/wp-content\/uploads\/2018\/04\/15.05.18-1948-1024x682.jpg 1024w, https:\/\/radsport.blauweiss65-schwedt.de\/wp-content\/uploads\/2018\/04\/15.05.18-1948.jpg 1280w\" sizes=\"auto, (max-width: 300px) 100vw, 300px\" \/><\/a><a href=\"https:\/\/radsport.blauweiss65-schwedt.de\/wp-content\/uploads\/2018\/04\/15.05.18-1789.jpg\"><img loading=\"lazy\" decoding=\"async\" class=\"alignnone size-medium wp-image-3687\" src=\"https:\/\/radsport.blauweiss65-schwedt.de\/wp-content\/uploads\/2018\/04\/15.05.18-1789-300x200.jpg\" alt=\"\" width=\"300\" height=\"200\" srcset=\"https:\/\/radsport.blauweiss65-schwedt.de\/wp-content\/uploads\/2018\/04\/15.05.18-1789-300x200.jpg 300w, https:\/\/radsport.blauweiss65-schwedt.de\/wp-content\/uploads\/2018\/04\/15.05.18-1789-768x512.jpg 768w, https:\/\/radsport.blauweiss65-schwedt.de\/wp-content\/uploads\/2018\/04\/15.05.18-1789-1024x682.jpg 1024w, https:\/\/radsport.blauweiss65-schwedt.de\/wp-content\/uploads\/2018\/04\/15.05.18-1789.jpg 1280w\" sizes=\"auto, (max-width: 300px) 100vw, 300px\" \/><\/a><\/p>\n<p><span style=\"font-family: Arial, serif; color: #0000ff; font-size: medium;\">Es gab leckere Wildsuppe, Bouletten, Obst, viel Kuchen und reichlich Getr\u00e4nke. Danke an dieser Stelle an <strong><span style=\"color: #000000;\">Moni Baum\u00fcller<\/span><\/strong> und an <strong><span style=\"color: #000000;\">Carla Pilz<\/span><\/strong>. Moni Baum\u00fcller hatte sich im Vorfel bei einem Sturz verletzte und konnte deshalb leider an dieser Fahrt nicht selbst teilnehmen. Auch andere Teilnehmer haben einen Beitrag zu dieser wohltuenden Tafel beigetragen. <\/span><\/p>\n<p><span style=\"font-family: Arial, serif; color: #0000ff; font-size: medium;\"><span style=\"color: #ff6600;\">Von allen aufs herzlich begr\u00fc\u00dft wurde auch<\/span> <span style=\"color: #000000;\"><strong>Dietmar Werth<\/strong><\/span>. <span style=\"color: #ff6600;\">Er hatte im Jahre 2011 die erste Uckermark-Rundfahrt ins Leben gerufen und f\u00fchlt sich mit seinen 75 Jahren dem Rennradsport immer noch sehr verbunden!<\/span> <\/span><\/p>\n<p><span style=\"font-family: Arial, serif; color: #0000ff; font-size: medium;\">Die n\u00e4chste Gelegenheit zu einer gemeinsamen Fahrt gibt es am <strong><span style=\"color: #ff0000;\">05. Mai<\/span><\/strong> bei den Prenzlauer Radsportfreunde, zu deren <strong>Fr\u00fchlingsausfahrt<\/strong>. Hier geht es \u00fcber maximal <span style=\"color: #ff0000;\"><strong>200 Kilometer<\/strong><\/span> von <span style=\"color: #008000;\"><strong>Prenzlau zum und um den Werbellin-See.<\/strong><\/span><\/span><\/p>\n<p><span style=\"font-family: Arial, serif; color: #0000ff; font-size: medium;\">Die <strong><span style=\"color: #ff0000;\">n\u00e4chsten Termine<\/span><\/strong> der TSV Radsportfreunde sind auf der Homepage des TSV, bei der Abteilung Radsport, zu finden. Hier gibt es aktuelle Informationen und bei Bedarf weitere Kontaktdaten. Die w\u00f6chentlichen Trainingstermine sind weiterhin am Mittwoch und Donnerstag um 17.00 Uhr mit dem Treffpunkt Parkplatz Turm-Hotel.<\/span><\/p>\n","protected":false},"excerpt":{"rendered":"<p>Am 28.04.2018 fand die 8. Uckermark Rundfahrt statt. Zwar nicht so umfangreich gestaltet wie in den Anfangsjahren, war die Fahrt im Jahr 2018 dennoch ein sch\u00f6nes Erlebnis f\u00fcr alle Teilnehmer. Start und Ziel der diesj\u00e4hrigen Fahrt wurde in diesem Jahr &hellip; <a href=\"https:\/\/radsport.blauweiss65-schwedt.de\/?page_id=3903\">Weiterlesen <span class=\"meta-nav\">&rarr;<\/span><\/a><\/p>\n","protected":false},"author":3,"featured_media":0,"parent":3893,"menu_order":7,"comment_status":"closed","ping_status":"closed","template":"","meta":{"footnotes":""},"class_list":["post-3903","page","type-page","status-publish","hentry"],"_links":{"self":[{"href":"https:\/\/radsport.blauweiss65-schwedt.de\/index.php?rest_route=\/wp\/v2\/pages\/3903","targetHints":{"allow":["GET"]}}],"collection":[{"href":"https:\/\/radsport.blauweiss65-schwedt.de\/index.php?rest_route=\/wp\/v2\/pages"}],"about":[{"href":"https:\/\/radsport.blauweiss65-schwedt.de\/index.php?rest_route=\/wp\/v2\/types\/page"}],"author":[{"embeddable":true,"href":"https:\/\/radsport.blauweiss65-schwedt.de\/index.php?rest_route=\/wp\/v2\/users\/3"}],"replies":[{"embeddable":true,"href":"https:\/\/radsport.blauweiss65-schwedt.de\/index.php?rest_route=%2Fwp%2Fv2%2Fcomments&post=3903"}],"version-history":[{"count":0,"href":"https:\/\/radsport.blauweiss65-schwedt.de\/index.php?rest_route=\/wp\/v2\/pages\/3903\/revisions"}],"up":[{"embeddable":true,"href":"https:\/\/radsport.blauweiss65-schwedt.de\/index.php?rest_route=\/wp\/v2\/pages\/3893"}],"wp:attachment":[{"href":"https:\/\/radsport.blauweiss65-schwedt.de\/index.php?rest_route=%2Fwp%2Fv2%2Fmedia&parent=3903"}],"curies":[{"name":"wp","href":"https:\/\/api.w.org\/{rel}","templated":true}]}}