{"id":3912,"date":"2018-09-03T07:53:34","date_gmt":"2018-09-03T07:53:34","guid":{"rendered":"http:\/\/radsport.blauweiss65-schwedt.de\/?page_id=3912"},"modified":"2018-09-14T17:55:04","modified_gmt":"2018-09-14T17:55:04","slug":"velothon-berlin-13-05-2018","status":"publish","type":"page","link":"https:\/\/radsport.blauweiss65-schwedt.de\/?page_id=3912","title":{"rendered":"VELOTHON BERLIN 13.05.2018"},"content":{"rendered":"<p style=\"padding-left: 150px;\"><span style=\"font-family: Arial, serif;\"><span style=\"font-size: medium;\"><span style=\"color: #0000ff;\">Velothon Berlin &#8211; Bericht E. Kurth<\/span><br \/>\n<\/span><\/span><\/p>\n<p style=\"padding-left: 150px;\"><span style=\"font-family: Arial, serif;\"><span style=\"font-size: medium;\"><span style=\"color: #0000ff;\"><a href=\"https:\/\/radsport.blauweiss65-schwedt.de\/wp-content\/uploads\/2017\/06\/15.05.18-2073.jpg\"><img loading=\"lazy\" decoding=\"async\" class=\"alignnone size-medium wp-image-3737\" src=\"https:\/\/radsport.blauweiss65-schwedt.de\/wp-content\/uploads\/2017\/06\/15.05.18-2073-300x169.jpg\" alt=\"\" width=\"300\" height=\"169\" srcset=\"https:\/\/radsport.blauweiss65-schwedt.de\/wp-content\/uploads\/2017\/06\/15.05.18-2073-300x169.jpg 300w, https:\/\/radsport.blauweiss65-schwedt.de\/wp-content\/uploads\/2017\/06\/15.05.18-2073-768x432.jpg 768w, https:\/\/radsport.blauweiss65-schwedt.de\/wp-content\/uploads\/2017\/06\/15.05.18-2073-1024x576.jpg 1024w, https:\/\/radsport.blauweiss65-schwedt.de\/wp-content\/uploads\/2017\/06\/15.05.18-2073.jpg 1280w\" sizes=\"auto, (max-width: 300px) 100vw, 300px\" \/><\/a><\/span><\/span><\/span><\/p>\n<p><span style=\"font-family: Arial, serif; color: #0000ff; font-size: medium;\">Mit kleinerem Team als in den Vorjahren starteten diesmal<span style=\"color: #ff0000;\"><strong> 4 <\/strong>Fahrer<\/span> des <strong>TSV Blau-Wei\u00df 65 Schwedt<\/strong> am <span style=\"color: #ff6600;\">13.05.2018<\/span> beim<strong> Berliner Velothon<\/strong>. Die geringe Teilnahme war in erster Linie dem fr\u00fchen Termin geschuldet, der sich wegen der bevorstehenden Fu\u00dfball WM und der damit einhergehenden Sperrung der Stra\u00dfe des 17. Juni als Fan-Meile, so ergeben hatte. Nachdem die Teilnehmer des TSV erst drei Tage zuvor eine historische Herrentagsfahrt von Casekow nach Ueckerm\u00fcnde \u00fcber 167 km absolviert hatten, wagten sie dennoch das Unternehmen Velothon \u00fcber <span style=\"color: #ff0000;\">103 km<\/span>. Das Wetter war wie immer sehr gut. Kurz nach <span style=\"color: #ff6600;\">10:30 Uhr<\/span> wurde gestartet. <span style=\"color: #000000;\"><strong>Torsten Aurich<\/strong><\/span> wie gewohnt und <span style=\"color: #000000;\"><strong>Axel Dittmar<\/strong><\/span> und <span style=\"color: #000000;\"><strong>Eckhard Kurth<\/strong><\/span> erstmals aus Block A.<strong><span style=\"color: #000000;\"> Rene Polte<\/span><\/strong> aus Block C. <\/span><\/p>\n<p style=\"padding-left: 30px;\"><a href=\"https:\/\/radsport.blauweiss65-schwedt.de\/wp-content\/uploads\/2018\/05\/IMG-20180513-WA0008-Kopie.jpg\"><img loading=\"lazy\" decoding=\"async\" class=\"alignnone size-medium wp-image-3745\" src=\"https:\/\/radsport.blauweiss65-schwedt.de\/wp-content\/uploads\/2018\/05\/IMG-20180513-WA0008-Kopie-190x300.jpg\" alt=\"\" width=\"190\" height=\"300\" srcset=\"https:\/\/radsport.blauweiss65-schwedt.de\/wp-content\/uploads\/2018\/05\/IMG-20180513-WA0008-Kopie-190x300.jpg 190w, https:\/\/radsport.blauweiss65-schwedt.de\/wp-content\/uploads\/2018\/05\/IMG-20180513-WA0008-Kopie.jpg 383w\" sizes=\"auto, (max-width: 190px) 100vw, 190px\" \/><\/a> <a href=\"https:\/\/radsport.blauweiss65-schwedt.de\/wp-content\/uploads\/2018\/05\/15.05.18-2082.jpg\"><img loading=\"lazy\" decoding=\"async\" class=\"alignnone size-medium wp-image-3741\" src=\"https:\/\/radsport.blauweiss65-schwedt.de\/wp-content\/uploads\/2018\/05\/15.05.18-2082-194x300.jpg\" alt=\"\" width=\"194\" height=\"300\" srcset=\"https:\/\/radsport.blauweiss65-schwedt.de\/wp-content\/uploads\/2018\/05\/15.05.18-2082-194x300.jpg 194w, https:\/\/radsport.blauweiss65-schwedt.de\/wp-content\/uploads\/2018\/05\/15.05.18-2082.jpg 504w\" sizes=\"auto, (max-width: 194px) 100vw, 194px\" \/><\/a> <a href=\"https:\/\/radsport.blauweiss65-schwedt.de\/wp-content\/uploads\/2017\/06\/IMG-20180513-WA0009.jpg\"><img loading=\"lazy\" decoding=\"async\" class=\"alignnone size-medium wp-image-3732\" src=\"https:\/\/radsport.blauweiss65-schwedt.de\/wp-content\/uploads\/2017\/06\/IMG-20180513-WA0009-169x300.jpg\" alt=\"\" width=\"169\" height=\"300\" srcset=\"https:\/\/radsport.blauweiss65-schwedt.de\/wp-content\/uploads\/2017\/06\/IMG-20180513-WA0009-169x300.jpg 169w, https:\/\/radsport.blauweiss65-schwedt.de\/wp-content\/uploads\/2017\/06\/IMG-20180513-WA0009-576x1024.jpg 576w, https:\/\/radsport.blauweiss65-schwedt.de\/wp-content\/uploads\/2017\/06\/IMG-20180513-WA0009.jpg 720w\" sizes=\"auto, (max-width: 169px) 100vw, 169px\" \/><\/a><\/p>\n<p><span style=\"font-family: Arial, serif; color: #0000ff; font-size: medium;\">Die Fahrt begann rasend schnell in den Stra\u00dfen der Hauptstadt. Sie f\u00fchrte an der Havel entlang, durch den Grunewald, \u00fcber Lichterfelde, Klein Machnow nach Ludwigsfelde. Hier ging es, nach ca. der H\u00e4lfte des Rennens, auf der gesperrten Richtungsfahrbahn der B101 in hohem Tempo weiter zur\u00fcck Richtung Berlin. Mit dem Erreichen der Stadtgrenze wurde das Rennen etwas abwechslungsreicher, aber auch gef\u00e4hrlicher. Einen Gefahrenpunkt, die Zufahrt auf den ehemaligen Flugplatz Tempelhof, wurde von allen unfallfrei gemeistert.<\/span><\/p>\n<p style=\"padding-left: 120px;\"><a href=\"https:\/\/radsport.blauweiss65-schwedt.de\/wp-content\/uploads\/2017\/06\/IMG-20180513-WA0010.jpg\"><img loading=\"lazy\" decoding=\"async\" class=\"alignnone size-medium wp-image-3733\" src=\"https:\/\/radsport.blauweiss65-schwedt.de\/wp-content\/uploads\/2017\/06\/IMG-20180513-WA0010-172x300.jpg\" alt=\"\" width=\"172\" height=\"300\" srcset=\"https:\/\/radsport.blauweiss65-schwedt.de\/wp-content\/uploads\/2017\/06\/IMG-20180513-WA0010-172x300.jpg 172w, https:\/\/radsport.blauweiss65-schwedt.de\/wp-content\/uploads\/2017\/06\/IMG-20180513-WA0010-589x1024.jpg 589w, https:\/\/radsport.blauweiss65-schwedt.de\/wp-content\/uploads\/2017\/06\/IMG-20180513-WA0010.jpg 599w\" sizes=\"auto, (max-width: 172px) 100vw, 172px\" \/><\/a> <a href=\"https:\/\/radsport.blauweiss65-schwedt.de\/wp-content\/uploads\/2017\/06\/IMG-20180513-WA0012.jpg\"><img loading=\"lazy\" decoding=\"async\" class=\"alignnone size-medium wp-image-3734\" src=\"https:\/\/radsport.blauweiss65-schwedt.de\/wp-content\/uploads\/2017\/06\/IMG-20180513-WA0012-199x300.jpg\" alt=\"\" width=\"199\" height=\"300\" srcset=\"https:\/\/radsport.blauweiss65-schwedt.de\/wp-content\/uploads\/2017\/06\/IMG-20180513-WA0012-199x300.jpg 199w, https:\/\/radsport.blauweiss65-schwedt.de\/wp-content\/uploads\/2017\/06\/IMG-20180513-WA0012-768x1161.jpg 768w, https:\/\/radsport.blauweiss65-schwedt.de\/wp-content\/uploads\/2017\/06\/IMG-20180513-WA0012-678x1024.jpg 678w, https:\/\/radsport.blauweiss65-schwedt.de\/wp-content\/uploads\/2017\/06\/IMG-20180513-WA0012.jpg 847w\" sizes=\"auto, (max-width: 199px) 100vw, 199px\" \/><\/a><\/p>\n<p><span style=\"font-family: Arial, serif; color: #0000ff; font-size: medium;\"> Weiter ging es \u00fcber die Stra\u00dfen Berlins in Richtung Mitte. Hier noch den Bogen vorbei am Hauptbahnhof in Richtung Siegess\u00e4ule und dann zur Stra\u00dfe des 17. Juni &#8211; zum Ziel. Bis zum Zielstrich noch einige hundert Meter weiter geradeaus. Etwa 200 m vor der Zieldurchfahrt gab es noch einen heftigen Massensturz. <strong><span style=\"color: #000000;\">Axel<\/span> <\/strong>und <span style=\"color: #000000;\"><strong>Eckhard<\/strong><\/span> kamen aber ungeschoren ins Ziel. <span style=\"color: #000000;\"><strong>Torsten<\/strong><\/span> war bereits einige Zeit davor erfolgreich durchfahren. <span style=\"color: #000000;\"><strong>Rene<\/strong><\/span> folgte etwas sp\u00e4ter, ebenfalls unfallfrei.<\/span><\/p>\n<p style=\"padding-left: 150px;\"><a href=\"https:\/\/radsport.blauweiss65-schwedt.de\/wp-content\/uploads\/2017\/06\/IMG-20180513-WA0014.jpg\"><img loading=\"lazy\" decoding=\"async\" class=\"alignnone size-medium wp-image-3735\" src=\"https:\/\/radsport.blauweiss65-schwedt.de\/wp-content\/uploads\/2017\/06\/IMG-20180513-WA0014-300x169.jpg\" alt=\"\" width=\"300\" height=\"169\" srcset=\"https:\/\/radsport.blauweiss65-schwedt.de\/wp-content\/uploads\/2017\/06\/IMG-20180513-WA0014-300x169.jpg 300w, https:\/\/radsport.blauweiss65-schwedt.de\/wp-content\/uploads\/2017\/06\/IMG-20180513-WA0014-768x432.jpg 768w, https:\/\/radsport.blauweiss65-schwedt.de\/wp-content\/uploads\/2017\/06\/IMG-20180513-WA0014-1024x576.jpg 1024w, https:\/\/radsport.blauweiss65-schwedt.de\/wp-content\/uploads\/2017\/06\/IMG-20180513-WA0014.jpg 1280w\" sizes=\"auto, (max-width: 300px) 100vw, 300px\" \/><\/a><\/p>\n<p><span style=\"font-family: Arial, serif;\"><span style=\"font-size: medium;\"><span style=\"color: #0000ff;\">Alle trafen sich nach der Zieldurchfahrt zu einem Erdinger alkoholfrei. <span style=\"color: #000000;\"><strong>Martina<\/strong><\/span>, hatte beschlossen einmal Velothon-Luft zu schnuppern und kam bei uns vorbei. Ein kurzer gemeinsamer Bummel \u00fcber die Messest\u00e4nde beendete einen sch\u00f6nen, erfolgreichen Tag.<\/span> <\/span><\/span><\/p>\n<p><span style=\"font-family: Arial, serif; color: #ff6600; font-size: medium;\">Die Ergebnisse der Teinehmer:<\/span><\/p>\n<p><span style=\"font-family: Arial, serif; color: #ff6600; font-size: medium;\">Torsten Aurich:\u00a0 98. Gesamt,\u00a0 40. Sen.2,\u00a0 Zeit: 2:31:51,8 Tempo: 40,8 km\/h<\/span><\/p>\n<p><span style=\"font-family: Arial, serif; color: #ff6600; font-size: medium;\">Axel Dittmar: \u00a0\u00a0 158. Gesamt,\u00a0 21. Sen.3, Zeit: 2:35:45,2 Tempo: 39,8 km\/h<\/span><\/p>\n<p><span style=\"font-family: Arial, serif; color: #ff6600; font-size: medium;\">Eckhard Kurth: 161. Gesamt, \u00a0\u00a0 3. Sen.4, Zeit: 2:35:46,5 Tempo: 39,8 km\/h <\/span><\/p>\n<p><span style=\"color: #ff6600;\"><a style=\"color: #ff6600;\" name=\"_GoBack\"><\/a><\/span><span style=\"font-family: Arial, serif;\"><span style=\"font-size: medium;\"><span style=\"color: #ff6600;\">Rene Polte: \u00a0 \u00a0 \u00a0 \u00a0 \u00a0 \u00a0 \u00a0 \u00a0 \u00a0 \u00a0 \u00a0 \u00a0 \u00a0 469. Sen.3, Zeit: 3:06:39,9 Tempo: 33,1 km\/h<\/span> <\/span><\/span><\/p>\n<p><span style=\"color: #999999;\">Autor: E.Kurth\/H. Felix<\/span><\/p>\n","protected":false},"excerpt":{"rendered":"<p>Velothon Berlin &#8211; Bericht E. Kurth Mit kleinerem Team als in den Vorjahren starteten diesmal 4 Fahrer des TSV Blau-Wei\u00df 65 Schwedt am 13.05.2018 beim Berliner Velothon. Die geringe Teilnahme war in erster Linie dem fr\u00fchen Termin geschuldet, der sich &hellip; <a href=\"https:\/\/radsport.blauweiss65-schwedt.de\/?page_id=3912\">Weiterlesen <span class=\"meta-nav\">&rarr;<\/span><\/a><\/p>\n","protected":false},"author":3,"featured_media":0,"parent":3893,"menu_order":4,"comment_status":"closed","ping_status":"closed","template":"","meta":{"footnotes":""},"class_list":["post-3912","page","type-page","status-publish","hentry"],"_links":{"self":[{"href":"https:\/\/radsport.blauweiss65-schwedt.de\/index.php?rest_route=\/wp\/v2\/pages\/3912","targetHints":{"allow":["GET"]}}],"collection":[{"href":"https:\/\/radsport.blauweiss65-schwedt.de\/index.php?rest_route=\/wp\/v2\/pages"}],"about":[{"href":"https:\/\/radsport.blauweiss65-schwedt.de\/index.php?rest_route=\/wp\/v2\/types\/page"}],"author":[{"embeddable":true,"href":"https:\/\/radsport.blauweiss65-schwedt.de\/index.php?rest_route=\/wp\/v2\/users\/3"}],"replies":[{"embeddable":true,"href":"https:\/\/radsport.blauweiss65-schwedt.de\/index.php?rest_route=%2Fwp%2Fv2%2Fcomments&post=3912"}],"version-history":[{"count":0,"href":"https:\/\/radsport.blauweiss65-schwedt.de\/index.php?rest_route=\/wp\/v2\/pages\/3912\/revisions"}],"up":[{"embeddable":true,"href":"https:\/\/radsport.blauweiss65-schwedt.de\/index.php?rest_route=\/wp\/v2\/pages\/3893"}],"wp:attachment":[{"href":"https:\/\/radsport.blauweiss65-schwedt.de\/index.php?rest_route=%2Fwp%2Fv2%2Fmedia&parent=3912"}],"curies":[{"name":"wp","href":"https:\/\/api.w.org\/{rel}","templated":true}]}}