{"id":525,"date":"2013-12-17T12:50:12","date_gmt":"2013-12-17T12:50:12","guid":{"rendered":"http:\/\/radsport.blauweiss65-schwedt.de\/?page_id=525"},"modified":"2014-09-22T10:26:23","modified_gmt":"2014-09-22T10:26:23","slug":"6-garmin-velothon-berlin-09-06-2013","status":"publish","type":"page","link":"https:\/\/radsport.blauweiss65-schwedt.de\/?page_id=525","title":{"rendered":"6. Garmin Velothon, Berlin (09.06.2013)"},"content":{"rendered":"<p>&nbsp;<\/p>\n<p><span><span style=\"color: #000000;\">Am <strong>09. Juni<\/strong> fand die gr\u00f6\u00dfte Radsportveranstaltung unserer Region,<\/span><span style=\"color: #0000ff;\"> der Garmin Velothon,<\/span><span style=\"color: #000000;\"> in<span style=\"color: #0000ff;\"> Berlin<\/span> statt. Auch drei Mitglieder unserer Abteilung waren bei diesem &#8222;Spektakel&#8220; mit dabei: <strong>Eckhard Kurth, Axel Dittmar<\/strong> und<strong> Henry Felix<\/strong>.<\/span><\/span><\/p>\n<p><a href=\"https:\/\/radsport.blauweiss65-schwedt.de\/wp-content\/uploads\/2013\/11\/Starterfoto-738x1024.jpg\"><img loading=\"lazy\" decoding=\"async\" class=\"size-medium wp-image-61 alignright\" alt=\"Starterfoto-738x1024\" src=\"https:\/\/radsport.blauweiss65-schwedt.de\/wp-content\/uploads\/2013\/11\/Starterfoto-738x1024-216x300.jpg\" width=\"216\" height=\"300\" srcset=\"https:\/\/radsport.blauweiss65-schwedt.de\/wp-content\/uploads\/2013\/11\/Starterfoto-738x1024-216x300.jpg 216w, https:\/\/radsport.blauweiss65-schwedt.de\/wp-content\/uploads\/2013\/11\/Starterfoto-738x1024.jpg 738w\" sizes=\"auto, (max-width: 216px) 100vw, 216px\" \/><\/a><span style=\"color: #000000;\">Das gemeinsame Fazit vorweg:<span style=\"color: #0000ff;\"> Ein unvergleichliches, unvergessliches und beeindruckendes Erlebnis f\u00fcr jeden<\/span><\/span><span style=\"color: #0000ff;\"> Radsportfan!<\/span> <span style=\"color: #000000;\">Gemeldet waren ca. <span style=\"color: #ff0000;\">12.000 Fahrer<\/span>! Diese verteilten sich zu fast gleichen Teilen auf die beiden angebotenen Distanzen von <span style=\"color: #ff0000;\">60<\/span> und <span style=\"color: #ff0000;\">120 Kilometer<\/span>.<\/span>\u00a0<span style=\"color: #000000;\">Der Tag zeigte bestes Wetter und die Veranstaltung hatte ideale Rahmenbedingungen. Ein riesiges, abgegrenztes Areal brachte Platz f\u00fcr alle organisatorischen Dinge. Das Warmfahren im Regierungsviertel bot unvergleichliche Bilder und schuf eine besondere Atmosph\u00e4re. Die vielen tausend Gleichgesinnten erzeugten ein Gef\u00fchl der Begeisterung und Aufregung. Allein die L\u00e4nge des Startbereiches war gigantisch. Den eigenen Startbl\u00f6ck zu erreichen und sich aufzustellen war die erste Aufgabe dieses Rennens. Dort fand man schnell Kontakt zu anderen Fahrern. Man fachsimpelte, staunte oder l\u00e4chelte \u00fcber Technik und Ausr\u00fcstung. Alles war dabei.<\/span><\/p>\n<p><span style=\"color: #000000;\">Den Startschu\u00df<\/span><span style=\"color: #000000;\"> f\u00fcr die<span style=\"color: #ff0000;\"> 120 km<\/span> bekamen wir gar nicht mit. Unsere Startbl\u00f6cke D\/E setzten sich irgendwann allm\u00e4hlich in Bewegung. Dann aber ging alles ganz schnell. Alle Pl\u00e4ne und Absprachen waren nach kurzer Zeit dahin. Als die Startlinie \u00fcberfahren war, wurden <span style=\"color: #0000ff;\">Tempospitzen von 45-53 km\/h<\/span> erreicht. Jeder wollte nach vorne! Die Hoffnung, das es bald ruhiger wird, schwand schnell. Es &#8222;beruhigte&#8220; sich nur auf 35-40 km\/h. <\/span><\/p>\n<p><span style=\"color: #000000;\"><span style=\"color: #0000ff;\">Also ganz wichtig! Das eigene Tempo fahren! Nicht vom Gruppenzwang oder Ehrgeiz leiten lassen, sondern vom Genuss!<\/span> <\/span><\/p>\n<p><span style=\"color: #000000;\">Doch leichter gedacht als getan! Alle drei Vereinsmitglieder mussten sich irgendwann getrennt voneinander \u00fcber die Strecke k\u00e4mpfen.<\/span><\/p>\n<p><span style=\"color: #000000;\"><span style=\"color: #0000ff;\"><strong>Eckhard Kuth<\/strong><\/span><span style=\"color: #0000ff;\"> und <\/span><span style=\"color: #0000ff;\"><strong>Axel Dittmar<\/strong><\/span><span style=\"color: #0000ff;\"> erreichten dabei eine Zeit von unter\u00a0 <span style=\"color: #ff0000;\">2h : 55`<\/span> auf die tats\u00e4chliche L\u00e4nge von 113,7 km. (39,5 km\/h) <strong>Henry Felix<\/strong>, in einen Sturz verwickelt, erreichte das Ziel in\u00a0 <span style=\"color: #ff0000;\">3h : 07`<\/span>(36,5 km\/h).<\/span><\/span><\/p>\n<p><span style=\"color: #0000ff;\">Der Sieger des Jedermann-Rennens (Dr. Hajo Dees) fuhr einen sehr respektablen Schnitt von 42,74 km\/h! Gratulation!<\/span><\/p>\n<p style=\"padding-left: 150px;\"><span style=\"color: #ff0000;\"><a href=\"https:\/\/radsport.blauweiss65-schwedt.de\/wp-content\/uploads\/2013\/11\/2013-06-09-09.04.56.jpg\"><img loading=\"lazy\" decoding=\"async\" class=\"alignnone size-medium wp-image-455\" alt=\"2013-06-09 09.04.56\" src=\"https:\/\/radsport.blauweiss65-schwedt.de\/wp-content\/uploads\/2013\/11\/2013-06-09-09.04.56-300x225.jpg\" width=\"300\" height=\"225\" srcset=\"https:\/\/radsport.blauweiss65-schwedt.de\/wp-content\/uploads\/2013\/11\/2013-06-09-09.04.56-300x225.jpg 300w, https:\/\/radsport.blauweiss65-schwedt.de\/wp-content\/uploads\/2013\/11\/2013-06-09-09.04.56-1024x768.jpg 1024w\" sizes=\"auto, (max-width: 300px) 100vw, 300px\" \/><\/a><\/span><\/p>\n<p>&nbsp;<\/p>\n<p><span style=\"color: #000000;\"><strong>Backstage:<\/strong><\/span>\u00a0\u00a0\u00a0 <span style=\"text-decoration: underline;\"><span style=\"color: #000000; text-decoration: underline;\">Das war noch nicht der ganze Tag<\/span><\/span><span style=\"color: #000000;\">!<\/span><\/p>\n<p><span style=\"color: #000000;\"> Wir besuchten die Messest\u00e4nde der Fahrradhersteller. Shoppen und Testen nach Herzenslust! Ein sehenswertes Rahmenprogramm wurde gezeigt.<\/span><span style=\"color: #000000;\"><strong> Eckhard Kuth<\/strong> hatte uns <span style=\"color: #0000ff;\">drei VIP-Karten<\/span> besorgt und so duften wir den Schlu\u00dfteil des Profi-Rennens hautnah miterleben. Von einem Tisch, unweit der Ziellinie, sahen wir live den Sieg von <strong>Marcel Kittel<\/strong>. Bei kostenlosem Essen und Trinken &#8211; <span style=\"color: #0000ff;\">ein unvergesslicher Abschlu\u00df!<\/span><\/span><\/p>\n<p style=\"padding-left: 60px;\"><a href=\"https:\/\/radsport.blauweiss65-schwedt.de\/wp-content\/uploads\/2013\/12\/DSCF1847.jpg\"><img loading=\"lazy\" decoding=\"async\" class=\"alignnone size-thumbnail wp-image-598\" alt=\"DSCF1847\" src=\"https:\/\/radsport.blauweiss65-schwedt.de\/wp-content\/uploads\/2013\/12\/DSCF1847-150x150.jpg\" width=\"150\" height=\"150\" \/> <\/a><a href=\"https:\/\/radsport.blauweiss65-schwedt.de\/wp-content\/uploads\/2013\/12\/DSCF1870.jpg\"><img loading=\"lazy\" decoding=\"async\" class=\"alignnone size-thumbnail wp-image-599\" alt=\"DSCF1870\" src=\"https:\/\/radsport.blauweiss65-schwedt.de\/wp-content\/uploads\/2013\/12\/DSCF1870-150x150.jpg\" width=\"150\" height=\"150\" \/> <\/a><a href=\"https:\/\/radsport.blauweiss65-schwedt.de\/wp-content\/uploads\/2013\/12\/DSCF1875.jpg\"><img loading=\"lazy\" decoding=\"async\" class=\"alignnone size-thumbnail wp-image-600\" alt=\"DSCF1875\" src=\"https:\/\/radsport.blauweiss65-schwedt.de\/wp-content\/uploads\/2013\/12\/DSCF1875-150x150.jpg\" width=\"150\" height=\"150\" \/><\/a><\/p>\n<p><span style=\"color: #0000ff;\">Wir waren uns schnell einig:<span style=\"color: #ff0000;\"> &#8222;Im n\u00e4chsten Jahr unbedingt wieder!&#8220;<\/span> <\/span><\/p>\n<p><span style=\"color: #0000ff;\"><span style=\"color: #000000;\">Alle die Lust haben einmal mitzufahren! <span style=\"color: #0000ff;\">Es lohnt sich!<\/span> <\/span><\/span><\/p>\n<p><span style=\"color: #0000ff;\"><span style=\"color: #000000;\">Wer weniger auf Tempo orientiert ist, findet bei \u00fcber 6.000 Mitstreitern gen\u00fcgend Begleiter auf der Strecke! (der hintere Teil des Feldes fuhr zw. 25 -30 km\/h)<\/span><\/span><\/p>\n<p><span style=\"color: #0000ff;\"><span style=\"color: #000000;\"> <span style=\"color: #0000ff;\">Also, alles ist m\u00f6glich! <span style=\"color: #ff0000;\">Macht mit! \u00a0<\/span> \u00a0 \u00a0<span style=\"color: #808080;\"> \u00a0 \u00a0 \u00a0 \u00a0 \u00a0 \u00a0 \u00a0 \u00a0 \u00a0 \u00a0 \u00a0 \u00a0 \u00a0 \u00a0 \u00a0 \u00a0 \u00a0 \u00a0 \u00a0 \u00a0 \u00a0 \u00a0 \u00a0\u00a0 \u00a0 \u00a0 \u00a0<span style=\"color: #333333;\"> Autor: H. Felix<\/span><\/span><\/span><\/span><br \/>\n<\/span><\/p>\n","protected":false},"excerpt":{"rendered":"<p>&nbsp; Am 09. Juni fand die gr\u00f6\u00dfte Radsportveranstaltung unserer Region, der Garmin Velothon, in Berlin statt. Auch drei Mitglieder unserer Abteilung waren bei diesem &#8222;Spektakel&#8220; mit dabei: Eckhard Kurth, Axel Dittmar und Henry Felix. Das gemeinsame Fazit vorweg: Ein unvergleichliches, &hellip; <a href=\"https:\/\/radsport.blauweiss65-schwedt.de\/?page_id=525\">Weiterlesen <span class=\"meta-nav\">&rarr;<\/span><\/a><\/p>\n","protected":false},"author":3,"featured_media":0,"parent":516,"menu_order":2,"comment_status":"open","ping_status":"open","template":"","meta":{"footnotes":""},"class_list":["post-525","page","type-page","status-publish","hentry"],"_links":{"self":[{"href":"https:\/\/radsport.blauweiss65-schwedt.de\/index.php?rest_route=\/wp\/v2\/pages\/525","targetHints":{"allow":["GET"]}}],"collection":[{"href":"https:\/\/radsport.blauweiss65-schwedt.de\/index.php?rest_route=\/wp\/v2\/pages"}],"about":[{"href":"https:\/\/radsport.blauweiss65-schwedt.de\/index.php?rest_route=\/wp\/v2\/types\/page"}],"author":[{"embeddable":true,"href":"https:\/\/radsport.blauweiss65-schwedt.de\/index.php?rest_route=\/wp\/v2\/users\/3"}],"replies":[{"embeddable":true,"href":"https:\/\/radsport.blauweiss65-schwedt.de\/index.php?rest_route=%2Fwp%2Fv2%2Fcomments&post=525"}],"version-history":[{"count":0,"href":"https:\/\/radsport.blauweiss65-schwedt.de\/index.php?rest_route=\/wp\/v2\/pages\/525\/revisions"}],"up":[{"embeddable":true,"href":"https:\/\/radsport.blauweiss65-schwedt.de\/index.php?rest_route=\/wp\/v2\/pages\/516"}],"wp:attachment":[{"href":"https:\/\/radsport.blauweiss65-schwedt.de\/index.php?rest_route=%2Fwp%2Fv2%2Fmedia&parent=525"}],"curies":[{"name":"wp","href":"https:\/\/api.w.org\/{rel}","templated":true}]}}