{"id":732,"date":"2014-01-02T08:29:28","date_gmt":"2014-01-02T08:29:28","guid":{"rendered":"http:\/\/radsport.blauweiss65-schwedt.de\/?page_id=732"},"modified":"2014-02-08T19:30:53","modified_gmt":"2014-02-08T19:30:53","slug":"huegelmarathon-prenzlau-05-10-2013","status":"publish","type":"page","link":"https:\/\/radsport.blauweiss65-schwedt.de\/?page_id=732","title":{"rendered":"9. H\u00fcgelmarathon Prenzlau (05.10.2013)"},"content":{"rendered":"<p><span style=\"color: #000000;\">Am fr\u00fchen Samstagmorgen des <strong>05.10.2013<\/strong> startete der\u00a0 <span style=\"color: #0000ff;\">9. H\u00fcgelmarathon<\/span> in <span style=\"color: #0000ff;\">Prenzlau<\/span>. <\/span><\/p>\n<p><span style=\"color: #000000;\">Unsere Radsportabteilung war mit den Fahrern <strong>Baum\u00fcller, Wetzig, Wert, Felix, Dittmar<\/strong> und <strong>Ehrlich<\/strong> vertreten.<\/span><\/p>\n<p style=\"padding-left: 120px;\"><a href=\"https:\/\/radsport.blauweiss65-schwedt.de\/wp-content\/uploads\/2013\/11\/Foto-1.jpg\"><img loading=\"lazy\" decoding=\"async\" class=\"alignnone size-medium wp-image-449\" alt=\"Foto 1\" src=\"https:\/\/radsport.blauweiss65-schwedt.de\/wp-content\/uploads\/2013\/11\/Foto-1-300x174.jpg\" width=\"300\" height=\"174\" srcset=\"https:\/\/radsport.blauweiss65-schwedt.de\/wp-content\/uploads\/2013\/11\/Foto-1-300x174.jpg 300w, https:\/\/radsport.blauweiss65-schwedt.de\/wp-content\/uploads\/2013\/11\/Foto-1-1024x594.jpg 1024w, https:\/\/radsport.blauweiss65-schwedt.de\/wp-content\/uploads\/2013\/11\/Foto-1.jpg 1104w\" sizes=\"auto, (max-width: 300px) 100vw, 300px\" \/><\/a><\/p>\n<p><span style=\"color: #000000;\">Insgesamt sarteten <strong>629 Teilnehmer<\/strong><\/span><span style=\"color: #000000;\"> auf den angebotenen Touren (<span style=\"color: #0000ff;\">30, 80, 111, 154, 218 km<\/span>). Das Wetter war ungem\u00fctlich k\u00fchl aber trocken! Wir wollten die <span style=\"color: #ff0000;\">111 Kilometer-Tour<\/span> zum Saisonausklang gemeinsam bestreiten. Diese Strecke hatten insgesamt <strong>129 Fahrer<\/strong> in Angriff genommen. Das Feld startete ungewohnt ruhig. Das brachte bald erste Probleme im hinteren Teil des angestauten Feldes. Bei Gegenverkehr gab es seitliche Wellen und dann, durch die h\u00e4ufigen Bremsman\u00f6ver und Nachsetzfahrten, einen Ziehharmonika-Effekt. Man musste \u00e4u\u00dferst aufmerksam fahren und erster Unmut zeigte sich bei einigen &#8222;Renn&#8220;-fahrern. Es kam dann was kommen musste &#8211; die ersten St\u00fcrze bereits bei Kilometer 9.<\/span><\/p>\n<p><span style=\"color: #000000;\">Auch <strong>Dietmar Werth<\/strong> hatte Pech und kam am Stra\u00dfenrand zu Fall. Der Sturz verlief einigerma\u00dfen glimpflich, aber unsere Gruppe war auseinandergerissen. Ab diesem Zeitpunkt wurde deutlich schneller gefahren. <strong>Wolfgang Baum\u00fcller<\/strong> und <strong>Henry Felix<\/strong> gelang nochmal der Aufschluss zu<strong> Axel Dittmar<\/strong> ins vordere Hauptfeld. Die anderen suchten sich Ihr eigenes Tempo und fuhren die Strecke zu Ende. <strong>Werner Ehrlich<\/strong> k\u00e4mfte sich in der Folge &#8222;Solo&#8220; \u00fcber fast die gesamte Distanz und war anschlie\u00dfend im Verpflegungszelt etwas &#8222;verschnupft&#8220; \u00fcber dieses unplanm\u00e4\u00dfige Alleintraining!<\/span><\/p>\n<p><span style=\"color: #000000;\"><span style=\"color: #0000ff;\">Recht hat er ! Da es beim H\u00fcgelmarathon keinen Blumentopf zu gewinnen gibt, sollten alle TSV-Fahrer die in 2014 wieder mitfahren, an einer gemeinsamen Fahrt interessiert sein und einen entsprechend relaxten Saisonabschlu\u00df fahren wollen. Der Spa\u00df und das Ankommen als Gruppe sollte Ziel sein und im Vordergrund stehen. (Meinung des Autors)<\/span><\/span><\/p>\n<p style=\"padding-left: 480px;\">Autor: H.Felix<\/p>\n","protected":false},"excerpt":{"rendered":"<p>Am fr\u00fchen Samstagmorgen des 05.10.2013 startete der\u00a0 9. H\u00fcgelmarathon in Prenzlau. Unsere Radsportabteilung war mit den Fahrern Baum\u00fcller, Wetzig, Wert, Felix, Dittmar und Ehrlich vertreten. Insgesamt sarteten 629 Teilnehmer auf den angebotenen Touren (30, 80, 111, 154, 218 km). Das &hellip; <a href=\"https:\/\/radsport.blauweiss65-schwedt.de\/?page_id=732\">Weiterlesen <span class=\"meta-nav\">&rarr;<\/span><\/a><\/p>\n","protected":false},"author":3,"featured_media":0,"parent":516,"menu_order":6,"comment_status":"open","ping_status":"open","template":"","meta":{"footnotes":""},"class_list":["post-732","page","type-page","status-publish","hentry"],"_links":{"self":[{"href":"https:\/\/radsport.blauweiss65-schwedt.de\/index.php?rest_route=\/wp\/v2\/pages\/732","targetHints":{"allow":["GET"]}}],"collection":[{"href":"https:\/\/radsport.blauweiss65-schwedt.de\/index.php?rest_route=\/wp\/v2\/pages"}],"about":[{"href":"https:\/\/radsport.blauweiss65-schwedt.de\/index.php?rest_route=\/wp\/v2\/types\/page"}],"author":[{"embeddable":true,"href":"https:\/\/radsport.blauweiss65-schwedt.de\/index.php?rest_route=\/wp\/v2\/users\/3"}],"replies":[{"embeddable":true,"href":"https:\/\/radsport.blauweiss65-schwedt.de\/index.php?rest_route=%2Fwp%2Fv2%2Fcomments&post=732"}],"version-history":[{"count":0,"href":"https:\/\/radsport.blauweiss65-schwedt.de\/index.php?rest_route=\/wp\/v2\/pages\/732\/revisions"}],"up":[{"embeddable":true,"href":"https:\/\/radsport.blauweiss65-schwedt.de\/index.php?rest_route=\/wp\/v2\/pages\/516"}],"wp:attachment":[{"href":"https:\/\/radsport.blauweiss65-schwedt.de\/index.php?rest_route=%2Fwp%2Fv2%2Fmedia&parent=732"}],"curies":[{"name":"wp","href":"https:\/\/api.w.org\/{rel}","templated":true}]}}

9. Hügelmarathon Prenzlau (05.10.2013)

<p><span style="color: #000000;">Am frühen Samstagmorgen des <strong>05.10.2013</strong> startete der  <span style="color: #0000ff;">9. Hügelmarathon</span> in <span style="color: #0000ff;">Prenzlau</span>. </span></p>
<p><span style="color: #000000;">Unsere Radsportabteilung war mit den Fahrern <strong>Baumüller, Wetzig, Wert, Felix, Dittmar</strong> und <strong>Ehrlich</strong> vertreten.</span></p>
<p style="padding-left: 120px;"><a href="https://radsport.blauweiss65-schwedt.de/wp-content/uploads/2013/11/Foto-1.jpg"><img loading="lazy" decoding="async" class="alignnone size-medium wp-image-449" alt="Foto 1" src="https://radsport.blauweiss65-schwedt.de/wp-content/uploads/2013/11/Foto-1-300x174.jpg" width="300" height="174" srcset="https://radsport.blauweiss65-schwedt.de/wp-content/uploads/2013/11/Foto-1-300x174.jpg 300w, https://radsport.blauweiss65-schwedt.de/wp-content/uploads/2013/11/Foto-1-1024x594.jpg 1024w, https://radsport.blauweiss65-schwedt.de/wp-content/uploads/2013/11/Foto-1.jpg 1104w" sizes="auto, (max-width: 300px) 100vw, 300px" /></a></p>
<p><span style="color: #000000;">Insgesamt sarteten <strong>629 Teilnehmer</strong></span><span style="color: #000000;"> auf den angebotenen Touren (<span style="color: #0000ff;">30, 80, 111, 154, 218 km</span>). Das Wetter war ungemütlich kühl aber trocken! Wir wollten die <span style="color: #ff0000;">111 Kilometer-Tour</span> zum Saisonausklang gemeinsam bestreiten. Diese Strecke hatten insgesamt <strong>129 Fahrer</strong> in Angriff genommen. Das Feld startete ungewohnt ruhig. Das brachte bald erste Probleme im hinteren Teil des angestauten Feldes. Bei Gegenverkehr gab es seitliche Wellen und dann, durch die häufigen Bremsmanöver und Nachsetzfahrten, einen Ziehharmonika-Effekt. Man musste äußerst aufmerksam fahren und erster Unmut zeigte sich bei einigen &#8222;Renn&#8220;-fahrern. Es kam dann was kommen musste &#8211; die ersten Stürze bereits bei Kilometer 9.</span></p>
<p><span style="color: #000000;">Auch <strong>Dietmar Werth</strong> hatte Pech und kam am Straßenrand zu Fall. Der Sturz verlief einigermaßen glimpflich, aber unsere Gruppe war auseinandergerissen. Ab diesem Zeitpunkt wurde deutlich schneller gefahren. <strong>Wolfgang Baumüller</strong> und <strong>Henry Felix</strong> gelang nochmal der Aufschluss zu<strong> Axel Dittmar</strong> ins vordere Hauptfeld. Die anderen suchten sich Ihr eigenes Tempo und fuhren die Strecke zu Ende. <strong>Werner Ehrlich</strong> kämfte sich in der Folge &#8222;Solo&#8220; über fast die gesamte Distanz und war anschließend im Verpflegungszelt etwas &#8222;verschnupft&#8220; über dieses unplanmäßige Alleintraining!</span></p>
<p><span style="color: #000000;"><span style="color: #0000ff;">Recht hat er ! Da es beim Hügelmarathon keinen Blumentopf zu gewinnen gibt, sollten alle TSV-Fahrer die in 2014 wieder mitfahren, an einer gemeinsamen Fahrt interessiert sein und einen entsprechend relaxten Saisonabschluß fahren wollen. Der Spaß und das Ankommen als Gruppe sollte Ziel sein und im Vordergrund stehen. (Meinung des Autors)</span></span></p>
<p style="padding-left: 480px;">Autor: H.Felix</p>

<p>Am frühen Samstagmorgen des 05.10.2013 startete der  9. Hügelmarathon in Prenzlau. Unsere Radsportabteilung war mit den Fahrern Baumüller, Wetzig, Wert, Felix, Dittmar und Ehrlich vertreten. Insgesamt sarteten 629 Teilnehmer auf den angebotenen Touren (30, 80, 111, 154, 218 km). Das &hellip; <a href="https://radsport.blauweiss65-schwedt.de/?page_id=732">Weiterlesen <span class="meta-nav">&rarr;</span></a></p>
